ided by r.
4
Let t(i) = -i**3 + 7*i**2 - 17. Calculate the remainder when 230 is divided by t(5).
32
Let t = -2 + 4. Let n = -18 - -26. Calculate the remainder when n is divided by t.
0
Suppose -c + 5*c - 20 = 0. Calculate the remainder when 18 is divided by c.
3
Suppose -n - 81 = -5*a, -5*n - 65 = 5*a - 10*a. Calculate the remainder when 134 is divided by a.
15
Let c be (11/(-2))/(1/(-2)). Let k = 42 - c. Suppose -3*v = -3*h + 13 + 50, h - k = 3*v. What is the remainder when 47 is divided by h?
15
Let n(p) = p**3 - p**2 - 2*p - 4. Let o = 16 + -19. Let u = 11 - o. Calculate the remainder when u is divided by n(3).
6
What is the remainder when 186 is divided by (2/3)/(0 + 8/132)?
10
Suppose 50*j = 52*j - 42. What is the remainder when 166 is divided by j?
19
Suppose b + 5 = m, 4*m - 2*b - 2 = 16. Calculate the remainder when -1*(-2)/m*4 is divided by 1.
0
Let a(n) = -16*n - 8. Let x be a(-5). Suppose -p = 3*c - 44, 3*p + 18 = -3*c + x. Calculate the remainder when c is divided by (-14)/(1 - -1)*-1.
6
Let x be (-5676)/(-28) - (-2)/7. Let o = -116 + x. Calculate the remainder when o is divided by 22.
21
Suppose -3*i = -0*i - 60. Calculate the remainder when 39 is divided by i.
19
Suppose -5*v - b - 223 = 0, 6*v + 135 = 3*v - b. Let r = -19 - v. Suppose -5*p + r = -40. What is the remainder when p is divided by 5?
3
Suppose -l = -6*l. Let o be (-1)/(2/(-20))*1. Let x = o + l. What is the remainder when x is divided by 6?
4
Let r(p) = -3*p - 17. Let y(u) = 4*u + 26. Let w(t) = 7*r(t) + 5*y(t). Let j(b) = 3*b**2 - 3*b. Calculate the remainder when j(2) is divided by w(7).
2
Let s = 13 - -1. Calculate the remainder when 40 is divided by s.
12
Suppose -f + 4*f = 177. What is the remainder when f is divided by 20?
19
Suppose 2*q + 3*q - 65 = 0. Calculate the remainder when q is divided by 4.
1
Suppose -2*t = -5 + 1. What is the remainder when (1 - t - -3) + 17 is divided by 5?
4
Suppose -5*n - 5 = 3*c, 4*n - 1 = n - c. Suppose 2*w + n*w + 20 = 0, w + 22 = y. Suppose -2*q = 3*q - 245. Calculate the remainder when q is divided by y.
15
Suppose 4*a - 4 - 20 = 0. Let p = 1 + a. What is the remainder when 25 is divided by p?
4
Let x be (-2)/8 - 130/(-8). Calculate the remainder when (-231)/(-4) - 12/x is divided by 12.
9
Suppose -2*n = 3*n - 2*z - 184, 0 = 3*n + z - 117. Let k = n + -27. Calculate the remainder when k is divided by 7.
4
What is the remainder when 136 is divided by (0 + 46)/(8 + (-12 - -5))?
44
Calculate the remainder when (-11)/(-33) + (-34)/(-6) is divided by 5.
1
Let a be 4*-2*51/(-12). Suppose -2*z - 4*b + a = 0, -57 = -3*z - 0*b - 3*b. Calculate the remainder when 61 is divided by z.
19
Let z(j) = j**2 + 6*j - 1. What is the remainder when 17 is divided by z(-7)?
5
Suppose -16*y + 385 = -11*y. Calculate the remainder when y is divided by 10.
7
Suppose 5*p = 2*k - 30, k - 5*p = 3 + 17. What is the remainder when 17 is divided by k?
7
Let r be 4/30*3*10. Suppose 0 = r*g + 4 - 8. What is the remainder when 1 is divided by g?
0
Let y(h) = -21*h - 19. Calculate the remainder when 160 is divided by y(-2).
22
Suppose 5*g - 7 = 4*g. Calculate the remainder when 39 is divided by g.
4
Let p = 260 + -241. Suppose 3*i + 3*q - 33 = 0, 5*i - 5*q - 93 = -38. Calculate the remainder when p is divided by i.
8
Suppose 3*t + z = 4*t - 31, -2*z = -4*t + 134. What is the remainder when 107 is divided by t?
35
Let s = 3 - 2. Suppose -5*h + 20 = -3*m - 2*m, -11 = 4*m + h. Calculate the remainder when 23 + m/(s - -2) is divided by 8.
6
Let y = 130 - 80. What is the remainder when y is divided by 17?
16
Let a(s) = 2*s**2 - s - 7. What is the remainder when 68 is divided by a(-3)?
12
Let v(g) = 26*g + 10. Let z be v(-8). Let j = -106 - z. Suppose 0 = x - 3*x + j. Calculate the remainder when x is divided by 12.
10
Let j be 6/9 - (-20)/6. Suppose 0 = -2*y + j*l - 116, -y = 2*y + 4*l + 184. Calculate the remainder when (y/25)/(6/(-40)) is divided by 6.
4
Suppose 12*i - 714 = -114. Calculate the remainder when i is divided by 17.
16
Let u(g) = g**2 + 12*g + 3. Let w be u(-13). Let a = 29 - w. What is the remainder when 49 is divided by a?
10
Let d = 35 - 25. Let c = 25 - 7. What is the remainder when c is divided by d?
8
Suppose 5*n = -4*w + 37, 0 = 2*n + 2*n + 4*w - 28. Calculate the remainder when 26 is divided by n.
8
Let r be 3/(-6)*-4 - -10. Let m be ((-2)/4)/((-1)/2). Suppose w - 1 = 0, m + r = l + 5*w. Calculate the remainder when 22 is divided by l.
6
Calculate the remainder when 6 - (2*-1 - 0) is divided by (1*(0 + -3))/(-1).
2
Suppose 0 = 3*l - 6 - 18. Calculate the remainder when 31 is divided by l.
7
Calculate the remainder when 13 is divided by 75/27 - 2*(-3)/27.
1
Let l(d) = 3*d + 13. Calculate the remainder when l(13) is divided by 18.
16
Suppose 3*n = 2*n. Let t = n + 12. What is the remainder when t is divided by 7?
5
Let f(b) = b**3 - 6*b**2. Let d be f(6). Suppose -9 = -a - d. Let z = 22 - a. What is the remainder when 38 is divided by z?
12
Let n be 15/(-6)*12/(-15). Let j = 7 - n. Calculate the remainder when ((-39)/(-12))/((-2)/(-8)) is divided by j.
3
Calculate the remainder when 52/6 + (-14)/(-42) is divided by 3.
0
Suppose 2*n = 3*y + 6, -y - n = 4*n - 15. Let q be -2 - 2/((-4)/54). Suppose 2*c + 5 - q = y. Calculate the remainder when 27 is divided by c.
7
Let w(x) = x**2 - 9. Suppose 5*z - 74 = -2*j, 0*j - 5*j = 5*z - 80. What is the remainder when w(-7) is divided by z?
12
Suppose -f = 5*h + 22, -f = -3*f - 4*h - 14. Calculate the remainder when 10 is divided by f.
1
Let d(u) = -u**2 - 7*u + 9. Let b be d(-8). Let p(r) = 11*r - 1. What is the remainder when 28 is divided by p(b)?
8
Suppose 5*w - m = -3 - 13, -4*m = -2*w + 8. What is the remainder when (1/(-2))/(w/200) is divided by 13?
12
Suppose 202*n = 197*n + 40. What is the remainder when 39 is divided by n?
7
Let a = 19 - 13. Let k be 12/a + (0 - 0). Calculate the remainder when k/((-1 + 2)/8) is divided by 9.
7
Suppose 16 = -5*m - 3*k, 4*m + 4*k + 12 = 2*m. Let b be ((-3)/6)/(m/(-12)). Calculate the remainder when 30 is divided by (-16)/((2 + b)*1).
14
Let d(i) = i**2 + 31*i - 69. Calculate the remainder when d(-34) is divided by ((-102)/(-9))/((-4)/(-6)).
16
Let a = -4 - 0. Let k be (-1*2)/(a/(-308)). Let g = -110 - k. Calculate the remainder when g is divided by 15.
14
Suppose -41 + 3 = -2*k. Suppose -279 = -4*x + x. Calculate the remainder when x is divided by k.
17
Let v = -109 + 124. Calculate the remainder when v is divided by 7.
1
Suppose -5*c + 12 = -13. Suppose -b = -c - 11. Let v = b - 10. Calculate the remainder when v is divided by 4.
2
Suppose 4*f + 3*r - 264 = 0, 3*f - 2*r = 29 + 152. What is the remainder when f is divided by 32?
31
Let g = 1 - -1. Let w(l) = 7*l + 5 - 1 - g - 1. Calculate the remainder when w(5) is divided by 13.
10
Let n = 8 + -6. Suppose -2*w + 16 = n*w. Suppose 4*g = 12, 4*g - 2 + 0 = 5*f. What is the remainder when w is divided by f?
0
Let n = -15 - -21. Let z(t) = 3*t**2 + 5*t + 4. What is the remainder when z(-3) is divided by n?
4
Let v = 15 + -7. Let x(u) = u**2 - 5*u - 3. Calculate the remainder when x(v) is divided by 12.
9
Let p(j) = 13. Let l(w) = -w + 12. Let o(b) = -4*l(b) + 3*p(b). Calculate the remainder when 19 is divided by o(4).
5
Let h = -10 - -20. Let a(u) = 11*u**3 + 2*u**2 - 2*u + 1. Let c be a(1). Suppose -2*g = -4*g + c. What is the remainder when h is divided by g?
4
Let d(c) be the first derivative of -1/2*c**2 + 2 + 0*c + 3/2*c**4 + 1/3*c**3. Calculate the remainder when 17 is divided by d(1).
5
Suppose -4*n - 4*c + 248 = 0, n - 3*c = 2*c + 38. Let g = -61 - -65. Suppose 4*s - 7 - 36 = 3*d, -g*s = 2*d - n. What is the remainder when s is divided by 7?
6
Let s(n) = 2*n - 5. Suppose 0*j + 3*j = -3*u + 30, 0 = 5*u - 5*j - 20. What is the remainder when 16 is divided by s(u)?
7
Suppose -4*s = -7*s + 18. Let g = -20 + 24. What is the remainder when s is divided by g?
2
Calculate the remainder when ((-2 + 4)*17)/2 is divided by 7.
3
Suppose -4*l - 16 = s - 0, -5*l = -3*s + 37. Suppose 0 = -x - 3*f + 12, 2 = s*f + 14. Let r = -3 + 14. Calculate the remainder when x is divided by r.
10
Suppose 0*v = v - 39. Let l be (6/5)/(12/(-60)). Calculate the remainder when v is divided by (-21)/(-7)*(-40)/l.
19
Let d = 48 + -18. Calcu